e the prime factors of w?
2, 29, 53
Suppose 3*d = 2*c - 35, c + 2*c + 5*d = 81. Let b = 102 + c. What are the prime factors of b?
2, 31
Suppose -2*x = -5*i + i - 232, 0 = -4*x - 3*i + 519. Let f be 0*(1 - (-2)/(-4)). Suppose f = -2*r - r + x. What are the prime factors of r?
2, 3, 7
Suppose -4*h - 2*y = -18, -55*h - 11 = -57*h - 3*y. Let c = 78 - 18. Suppose -4*n + 2*n + 84 = h*f, -2*f = -2*n + c. List the prime factors of n.
2, 17
Let w = 491 + -197. Let o = -170 + w. List the prime factors of o.
2, 31
Suppose -2*y - 13 = -2*u + 7, 4*y + 54 = -3*u. Let l(b) = b**3 + 12*b**2 + 17. Let m be l(y). Let g = m - 10. What are the prime factors of g?
7
Suppose 0 = -s - 15 + 12. Let u(a) = -4*a**3 - 3*a**2 - 4*a - 5. List the prime factors of u(s).
2, 11
Suppose 0 = -5*u - 10, -5*c + 4*u + 20 = -9*c. Let l(q) = 5 + 1 + 4*q**2 + 5*q - 5*q + q - 2*q**2. List the prime factors of l(c).
3, 7
Let m be (-9)/(-21) - 87/7. Let x = m + 16. Suppose 0 = f + 4*c - 0*c - 19, x*c = 5*f - 191. List the prime factors of f.
5, 7
Let f be ((-30)/20)/((-3)/(-8)). Let j(q) = q**3 + 4*q**2 + 6. List the prime factors of j(f).
2, 3
Suppose 1058 = p + 2*m, p + 18*m - 15*m = 1063. List the prime factors of p.
2, 131
Let g(i) = -i**2 + 10*i + 4. Let s be g(12). Let v(h) = 11*h**2 - 6. Let d be v(-3). Let b = s + d. What are the prime factors of b?
73
Let p be ((-15)/2)/((-3)/2). Suppose -4*h - p*a = -307, h + 0*h + 5*a = 88. What are the prime factors of h?
73
Let n(w) = 13*w + 3. List the prime factors of n(20).
263
Suppose 1513 = 2*u - 5*t + 447, 2*u = 2*t + 1078. What are the prime factors of u?
3, 181
Let p = -116 + 158. What are the prime factors of p?
2, 3, 7
List the prime factors of 72/396 + 36155/11.
19, 173
Let j be -11*((1 - 7) + 0). Let l = -372 - -372. Suppose u - 5*v = j, -u = -l*u - v - 62. What are the prime factors of u?
61
Let k(u) = -u - 2. Let r be k(-5). Suppose t + r*b + 6 = 2*b, -4*b - 26 = 5*t. Let n(y) = -10*y**3 - 3*y**2 + 1. What are the prime factors of n(t)?
3, 23
Let g(m) = -17*m**2 - 10. Let x be g(3). Let w = x + 304. What are the prime factors of w?
3, 47
Let r = 87 - 85. List the prime factors of ((-8)/5 + r)*600.
2, 3, 5
Let p(o) = -o**2 + 10*o - 9. Let j be p(6). Suppose -10*s = -j*s + 40. Suppose 9*h - s*h - 18 = 0. What are the prime factors of h?
2, 3
Let p be 83*(2 - (-17 - 1)). Let s be p/55 - 6/33. Suppose 55 = 5*q - s. List the prime factors of q.
17
Let p be (18/8)/((-3)/(-8)). Suppose 0 = -p*d + 22 + 56. Let q = -9 + d. What are the prime factors of q?
2
Let f(a) = -a**3 - 3*a**2 + 4*a + 4. Suppose 4*h = 2*h - 10. List the prime factors of f(h).
2, 17
Let d be (-12)/9*(-3)/2. Suppose -5*p + 162 = -14*p. List the prime factors of ((-102)/p)/(d/6).
17
Suppose 2*s - 4*k - 3636 = 0, -6*k + 3*k = -5*s + 9069. What are the prime factors of s?
2, 3, 151
Let g(m) = -2*m - 9. Suppose -2*c + s = -1 - 0, 3*c - 6 = 3*s. Let d be (-1)/(c/(-7)*1). What are the prime factors of g(d)?
5
Suppose -4*p - c - 21 = 0, 2*p + 14 = -0*p - 4*c. What are the prime factors of (-2 - p) + 105 + 8?
2, 29
Suppose 5*w = -3*x - 289 + 1594, -5*x - 25 = 0. Suppose w = q + t, 0 = 5*q - 2*t - 0*t - 1341. List the prime factors of q.
3, 89
Suppose -208*d + 209*d = 432. What are the prime factors of d?
2, 3
Suppose 0 = 2*y - 0*y. Suppose 5*v + y*v - 3*c - 125 = 0, c = v - 25. What are the prime factors of v?
5
Let u(k) = 142*k - 6. List the prime factors of u(4).
2, 281
Let m = -6236 + 8823. List the prime factors of m.
13, 199
Suppose 5*b = -4*y - 615, -b = -y - 0*y + 114. Let g = b + 56. What are the prime factors of (-424)/(-14) + 18/g?
2, 3, 5
Let u = 16 - 9. Let g = -5 + u. What are the prime factors of g?
2
Let g = -74 + 261. What are the prime factors of g?
11, 17
Let c(m) = 6*m**3 - 12*m**2 - 2*m - 25. What are the prime factors of c(9)?
3359
Suppose -13*b = -1053 - 7098. List the prime factors of b.
3, 11, 19
Suppose -3*h - 2*u + 1916 = -1711, 4*h - 4832 = -4*u. List the prime factors of h.
7, 173
Let k = 20 + -16. Let f be (k/10 - 0)*50. Suppose 2*a - 8 = -2*z + 16, 3*z + f = a. List the prime factors of a.
2, 7
Let d(s) = s**2 - 14*s + 13. Let y be d(13). Suppose -u = -57 - y. What are the prime factors of u?
3, 19
Let z(f) = -f + 6. Let x be z(-8). Let h be 1496/x + (-1)/(-7). List the prime factors of h/5 + (-16)/40.
3, 7
Let v(c) = 17*c**2 + 8*c + 97. What are the prime factors of v(14)?
3541
Let i be ((-12)/14)/((-1)/(-7)). Let n be (-310)/(-7) + i/21. Suppose 0 = -3*o + n + 31. List the prime factors of o.
5
Suppose 3*m - 895 = -2*f, 0 = f - 6*f + 3*m + 2248. List the prime factors of f.
449
Suppose 0 = -6*b + 6820 - 10. List the prime factors of b.
5, 227
Suppose z + 7 = 18. Let p = z + -8. Suppose p*b - 99 = 27. What are the prime factors of b?
2, 3, 7
List the prime factors of (3702/9)/(12/18).
617
Suppose c - 87 = -3*b + 6*c, 4*c + 36 = b. Let i = 16 - b. What are the prime factors of (-222)/i - (-3)/(-4)?
3
Suppose 13*j - 99 = 10*j. Let c = j + 41. Let x = c + -34. List the prime factors of x.
2, 5
What are the prime factors of 5199 - (3 - (-2 + 1)*5)?
29, 179
Let h(i) = 21*i**3 + i**2 + 8*i - 29. List the prime factors of h(5).
3, 887
Let l(y) be the second derivative of -y**5/20 - y**4/12 + 30*y**2 - 3*y. Let d be l(0). Let v = d + -26. What are the prime factors of v?
2, 17
Suppose r + 34 - 178 = -4*l, 3*r = l + 380. Suppose t - 5*t = -r. Suppose -5*u + 3*u + t = 0. List the prime factors of u.
2
Let p(f) be the third derivative of f**6/120 + f**5/5 - f**4/12 + 5*f**3/6 - 37*f**2. What are the prime factors of p(-12)?
29
Suppose -2*d + 8 = -3*d. Let m = d - 11. Let p = m - -42. What are the prime factors of p?
23
Let p be (-606)/(-4)*(-16)/(-24). Let f = p - 43. List the prime factors of f.
2, 29
Suppose 7*j + 116 = 424. Suppose s + 1 = j. What are the prime factors of s?
43
Let s = -27 - -35. Suppose 0 = k - 1 - s. Suppose 363 + 249 = k*y. List the prime factors of y.
2, 17
Suppose g - 5 - 9 = 0. Suppose -g = -3*t - 2. Suppose -3 - t = -j. List the prime factors of j.
7
Let z(v) = v**3 + 2*v**2 - 2*v - 1. Let l be z(-2). Let f(q) = -7 + 15*q + l - 2. List the prime factors of f(3).
3, 13
Suppose 0 = 5*k - 3*k - 4. Let r be (6/(-4))/(k/(-4)). Suppose 0 = r*m - 60 - 81. What are the prime factors of m?
47
Suppose -287 = q + 139. Let u = q + 705. List the prime factors of u.
3, 31
Let j = -63 - -56. List the prime factors of 57/1 - ((0 - -5) + j).
59
Let q(j) = -3*j + 3. Let r(p) = -p - 11. Let g be r(-15). Let a be q(g). What are the prime factors of (a - -15)/(1/8)?
2, 3
Let r = -5 - -7. Suppose -y + 93 = h, r*h = 5*y + 163 + 37. Suppose 5*f + 5*j - h = 0, 4*f + j = -52 + 137. List the prime factors of f.
2, 11
Suppose 4*h + 3*o - 24 = -0*o, -2*h + 4*o - 10 = 0. Suppose -h*n + 19 = -17. List the prime factors of n.
2, 3
Suppose -m = -2*p + 231, 55 = p + 3*m - 71. Suppose p = 27*q - 26*q. Let u = -67 + q. What are the prime factors of u?
2, 5
Let k = -1267 - -2182. List the prime factors of k.
3, 5, 61
List the prime factors of -4 + (-12)/6 + 733 + 5.
2, 3, 61
Suppose 0 = x + 5*r - 7, 3*x = -5*r + 11 - 0. Suppose b + n - 4 = -x*b, -4*n = -5*b + 18. What are the prime factors of (-8)/b + 28 + 3?
3
Let t = 13 - 11. Let r be (t/(-4))/((-2)/164). Let z = r + -24. List the prime factors of z.
17
Let n = -8239 + 12148. List the prime factors of n.
3, 1303
Let f = 11700 - 7105. List the prime factors of f.
5, 919
Let v be (-255)/(-18) + (-2)/12. Suppose -6 = v*c - 17*c. List the prime factors of c.
2
List the prime factors of -6 - -369*8/2.
2, 3, 5, 7
Let l(z) = 79*z + 880. List the prime factors of l(-4).
2, 3, 47
Suppose 4*k = 7*k - 204. Let h be k/(-20) - (-2)/5. What are the prime factors of (h/(-9))/(1/57)?
19
Let y = 319 - 249. What are the prime factors of y?
2, 5, 7
Suppose -c + 1 = 3*g + 11, g + 1 = 0. Let r = c - -10. Suppose n + 25 = 2*q, -4*n = r*q + 2*q - 56. What are the prime factors of q?
2, 3
Suppose -3054 = -2*p + w, 5*p - 7*w - 7641 = -3*w. What are the prime factors of p?
5, 61
Let f = 53 - 8. Suppose -4*j + 90 = -2*j + 2*b, -j + f = 3*b. What are the prime factors of j?
3, 5
Let y = 6 - 1. Suppose 135 = y*o - 3*t - 0*t, -28 = -2*o - 4*t. What are the prime factors of o + (-4 - -2) + 1?
23
Suppose 7*o - 1 = 97. Suppose -o*l + 13*